 of s/(-15) - x/10?
5
Let g = -22 - -36. Suppose 4*y = -12, s - 2 = -y + g. List the prime factors of s.
19
Let o(n) = -n**3 + 6*n**2 - 1. Let k be o(6). What are the prime factors of (2 - (-3 - -18))*k?
13
Suppose w - 31 = 1. List the prime factors of w.
2
Let b be (9/(-18))/(1/(-12)). Suppose -6 - b = -4*p. List the prime factors of p.
3
Suppose -4*s + 25 + 7 = 0. Suppose 2*c - 4*i = -18, -i = 4*c + 20 - 2. List the prime factors of s/c*(-15)/3.
2
Let v = -11 + 18. List the prime factors of v.
7
Let k(v) = 18*v + 5. What are the prime factors of k(3)?
59
Let p = -33 + 47. List the prime factors of p.
2, 7
Suppose 352 = 2*u + q, -2*q - 203 = -u - 17. List the prime factors of u.
2, 89
Suppose 3*p = o + 1, 0 = -3*o - 0*p + 4*p + 2. Suppose 2*c - 8 = -c + o*q, -5*q = -5*c + 5. What are the prime factors of c?
2, 3
Suppose 638 = 4*l + 2*h, -5*l + 781 = -3*h - 0*h. List the prime factors of l.
2, 79
Let o(n) = n**3 + 4*n**2 + 3*n. Let i be ((-2)/4)/(2/8). Let z be o(i). Suppose 0 = z*x - 0 - 18. List the prime factors of x.
3
Let m(g) = 2*g + 11. List the prime factors of m(11).
3, 11
Let q(m) = -m**3 - 12*m**2 + 4*m - 1. Let u(f) = -f**2 - f - 1. Let b(p) = -q(p) + 5*u(p). Let c be b(-8). What are the prime factors of (c/(-2))/((-2)/8)?
2
List the prime factors of (-94 - 4/(-2))*(4 + -5).
2, 23
Let n(m) be the third derivative of m**2 + 0*m + 0 + 0*m**3 - 1/24*m**4 + 3/20*m**5. List the prime factors of n(1).
2
Let s = 3 - -1. Let n(m) = 4*m - 5. List the prime factors of n(s).
11
Suppose -2*v + 0*v = -4. Let h(w) be the third derivative of w**4/12 + w**3/6 + w**2. What are the prime factors of h(v)?
5
Suppose -379 = -5*n + 3*s, 6*s - 8*s + 290 = 4*n. What are the prime factors of n?
2, 37
Let o(s) = -s + 28. What are the prime factors of o(0)?
2, 7
Let f(a) = -a + 5. Let o be (25/(-15))/((-1)/6). Let y be (35/o)/(1/(-2)). What are the prime factors of f(y)?
2, 3
Let q(u) = u**3 - 4*u**2 + 4*u + 1. Suppose -16 = -3*x - t, 3*x + t = 2*t + 8. What are the prime factors of q(x)?
17
Let a(t) = -2*t**3 - 3*t**2 - 2*t + 2. Let g be a(-2). Suppose 4*d = g - 26. What are the prime factors of -1*1*d*3?
2, 3
Let j = 1 + 2. Let s = 3 - j. Suppose s = -4*o - o + 60. List the prime factors of o.
2, 3
Suppose 5*m = -4*i + 105, 0 = 5*m + i + 61 - 181. List the prime factors of m.
5
Suppose -3*f + 5*f + 10 = 5*k, -4*k + 1 = -3*f. Let x(s) = -s**3 + 6*s**2 - 4*s. Let t be x(f). Suppose t*j + 3 - 13 = 0. List the prime factors of j.
2
Let f(n) = -n**2 - 25*n - 10. List the prime factors of f(-9).
2, 67
Let y(j) = j**3 - j**2 + j - 9. Let a be y(0). List the prime factors of (-15)/(-2) + a/6.
2, 3
Suppose 2 - 38 = 3*h. Let t be (-6 - h) + (0 - 1). Suppose r + b = 2, 0*b + 14 = 3*r - t*b. What are the prime factors of r?
3
List the prime factors of ((90/8)/(-5))/((-3)/128).
2, 3
What are the prime factors of (-16)/8 + (15 - 1)?
2, 3
Suppose -b + 4*b + 9 = 0. Let o = b + 18. List the prime factors of o.
3, 5
Suppose 7*h - 88 = 3*h. What are the prime factors of h?
2, 11
Let q = -10 - -5. Suppose -3*j + 0 = -27. Let y = j + q. List the prime factors of y.
2
Let k(p) = -2*p**3 - 4*p**2 - 4*p - 2. What are the prime factors of k(-3)?
2, 7
Let m be 3 - 4 - (-13 - 1). Let r = 0 + m. List the prime factors of r.
13
Let f(l) = 6*l**2 + 4*l - 29. Let u(x) = -x**2 - x + 1. Let g(r) = -f(r) - 5*u(r). List the prime factors of g(0).
2, 3
Let i(n) = n + 7. Let x be i(-9). Let y be x/2*-1 - -4. Suppose y*q = 3*q + 24. What are the prime factors of q?
2, 3
Let b be 10*(3/(-3))/(-2). Let v be ((-6)/b)/(2/(-10)). Suppose -3*l + 24 - v = 0. What are the prime factors of l?
2, 3
Suppose 0 = -2*k + k + 2. Let j be (-582)/(-36) - k/12. Let o = j - 7. What are the prime factors of o?
3
List the prime factors of -4*-1*(-11)/(-4).
11
Suppose -3*r + 19 = 5*b - 12, 5*r - 20 = -2*b. Let v = -3 - -2. Let q = v + b. List the prime factors of q.
2
Let u = -3 + 72. List the prime factors of u.
3, 23
Let p(q) = q**2 - 9*q - 8. Let y be p(6). Let g = y + 37. List the prime factors of g.
11
Let r be (-146)/(-4)*(-3 - -5). Suppose 4*b + 0*k - r = -k, -3*b + 56 = k. List the prime factors of b.
17
Suppose 13 + 67 = 5*q. Suppose -k + 3*k + q = b, 0 = -5*b + 2*k + 48. List the prime factors of b.
2
Let u(g) = -26*g**3 + g**2 + g. What are the prime factors of u(-1)?
2, 13
Let z(g) = g + 34. What are the prime factors of z(-16)?
2, 3
Suppose -5*k - 2 = 8. What are the prime factors of (-8)/(k*(-2)/(-4))?
2
Suppose 0 = 3*i + 2*i, 4 = -2*o + 5*i. Let j(g) = 2*g**2 + 3*g + 3. List the prime factors of j(o).
5
Suppose 5*g - 91 = -4*c + 220, 2*c - 8 = 0. What are the prime factors of g?
59
Suppose -5*n - f = -99 - 1116, -267 = -n - 5*f. What are the prime factors of n?
2, 11
Let f = 95 - -151. List the prime factors of f.
2, 3, 41
Suppose 3*l - 7 = 2. Let f(a) = -a**2 + 11*a - 7. Let g be f(5). Suppose 0 = 3*v - w - g, -v + l*v - 22 = -w. List the prime factors of v.
3
Let s be 0/(-1) - 0/2. Suppose 0*f + 5*f - 2*m = 29, -5*f + 19 = 3*m. Suppose -f*y + 9 + 1 = s. What are the prime factors of y?
2
Suppose -3*l = -3*s - 8*l + 13, -3*l = -6. Let c(g) = g**2 + s + 0 + 0*g**2 + g**2 + 5*g. What are the prime factors of c(-4)?
13
Let q(w) = -w**2 - 10*w + 10. Let g be q(-11). List the prime factors of 33 - (4 - 1) - g.
31
Suppose c - 3*c - 3*w = -59, -5*w - 85 = -4*c. Suppose 27 + c = 2*m. What are the prime factors of m?
2, 13
Suppose 0 = 4*w - 107 - 149. List the prime factors of w.
2
Let k = 36 - 15. List the prime factors of k.
3, 7
Let n = -7 + 37. List the prime factors of n + (-3)/(-2)*-2.
3
Let r = 7 - 3. What are the prime factors of r?
2
Suppose 4*k - 5*i = 179, 2*i - 112 = -2*k - 0*i. Suppose -n = -2*n + k. List the prime factors of n.
3, 17
Suppose 0*r + 284 = 2*r. Suppose -5*y = -c + 22, 5*y - 58 = -5*c + r. List the prime factors of c.
37
Let p = -4 + 7. Suppose r - p*r + 38 = 0. List the prime factors of r.
19
Let q(p) = -5*p - 8. Let n(j) = 3*j + 4. Let i(c) = -7*n(c) - 4*q(c). What are the prime factors of i(-7)?
11
Let l(v) = 17*v + 20. What are the prime factors of l(7)?
139
Suppose 53 = 3*f - 1. What are the prime factors of f?
2, 3
Suppose -5*q = 2*j - 14, 0 = -3*q - 0*j - j + 8. Suppose -q*l - 12 = -6*l. Suppose -t = -l*t + 24. List the prime factors of t.
2, 3
List the prime factors of ((-8)/(-2))/((-12)/(-126)).
2, 3, 7
Suppose y - 2*y + 37 = 0. List the prime factors of y.
37
Let m be -1 - (-47 - (4 + -5)). Let z = -2 + m. List the prime factors of z.
43
Let i(d) = -5*d - 4. Suppose 2 - 11 = 3*z. List the prime factors of i(z).
11
Let z be (-1 + 4)/(-3) + 1. Suppose 2*k + m - 19 = z, 4*k - 18 = -4*m + 22. Let s = 15 - k. What are the prime factors of s?
2, 3
Let d(w) = 14*w**3 + w**2 - w + 1. Let c be d(1). Suppose 4*t - 3*t - c = -2*m, -2*t - 5*m = -34. Suppose 3*s + 1 - t = 0. What are the prime factors of s?
2
What are the prime factors of 476/6 - (-6)/9?
2, 5
What are the prime factors of -2 + 6 - 5415/(-15)?
5, 73
Suppose 0 = 5*c - 5*l - 15, -4*l - 22 = c - 0*c. List the prime factors of 7/3 - c/(-6).
2
Suppose s - 4*s + 69 = 0. What are the prime factors of s?
23
Let l = 0 - 2. Let y = l - 0. List the prime factors of 0 - (-2)/y*-2.
2
Let z = -8 - -26. Let q be ((-6)/z)/(1/(-39)). Suppose 0 = 3*h - 2*a - q, h + 0*a - 10 = -5*a. List the prime factors of h.
5
Let b = 5 - 2. Suppose -b*x + 1 = -5. List the prime factors of x.
2
Suppose -4*t = 20, 6*k = 2*k + 2*t + 22. Let c = 3 - k. Suppose b - 1 - 11 = c. List the prime factors of b.
2, 3
Let v(b) = -2*b - 7. Let o be 12/(-5)*(-120)/9. Suppose 3*l + o = -l. What are the prime factors of v(l)?
3
Let k(l) = -7*l - 15. List the prime factors of k(-10).
5, 11
Let j(i) = 2*i**3 + 7*i**2 + 3*i + 6. Let y be j(-4). What are the prime factors of (y/33)/((-4)/174)?
29
Let w(y) = 8*y + 0*y + y**2 + 0*y + 3. Let a be w(-8). Suppose -4*o = -a*f - 25, 0 = o + f - 0*f - 8. What are the prime factors of o?
7
Suppose 3*s + 2*n + 0*n + 18 = 0, -22 = 4*s + 2*n. Let u = s - 6. Let w = u - -15. List the prime factors of w.
5
Suppose 4*j = -3*r + 283, -2*r = -5*j + r + 347. Suppose j = -0*k + 5*k. List the prime factors of k.
2, 7
Let a(w) = -10*w**3 + 2*w**2 - 1. Suppose -2*n = -3*h - 11, 5*n + 0*h - 17 = 4*h. Let d be 3*(-1)/(2 + n). What are the 